What is the value of -5 + (-2 - (-1 + (-3 - -2)))?
-5
Evaluate 0 - 5 - (9 + -15 - -7).
-6
What is -3 + -12 + (5 - 0)?
-10
Calculate 10 + -1 + (-41 - -37).
5
Evaluate 15 + 1 + 4 + -12.
8
Evaluate (-7 - (-3 - (7 + -6))) + -5.
-8
What is -4 + 5 + (0 - 6)?
-5
-3 + 5 + -2 - -1 - -3
4
What is -12 + -5 + 21 - 14?
-10
Calculate (-3 - -2) + 1 - 3.
-3
What is the value of 0 + (-4 - (-5 - 3))?
4
Evaluate (22 - 23) + (1 - 3) + 6.
3
Evaluate (-1 + 9 + 3 - 4) + -11.
-4
What is (-5 - -7) + (1 + 3 - 2)?
4
7 - (12 + -8 - 0)
3
Calculate -1 + 0 + 11 + -18.
-8
What is -4 + 5 - (2 + -2) - -3?
4
(3 - (6 - (-15 - -5))) + 7
-6
Evaluate 6 + 3 + (-10 - 1).
-2
What is the value of 2 + -2 - (4 - 1)?
-3
Calculate -3 + 0 + 2 + 0.
-1
What is the value of (-6 - (-6 - 3)) + -1 + 2?
4
What is 2 + -4 + (3 - -2)?
3
Calculate -2 - -6 - (4 - (4 - 0)).
4
What is 3 + 4 - (35 + -26)?
-2
Calculate 2 + (3 + -9 - (3 - 2)).
-5
What is the value of -4 - (1 - 2 - 1)?
-2
What is the value of (-2 - -3) + 0 + (5 - 8)?
-2
Evaluate 2 - ((4 - (-1 - -3)) + 1).
-1
What is (5 - -6) + -4 - 5?
2
8 + (5 - 10) - 10
-7
What is 2 + 1 + -3 - 1?
-1
Evaluate 1 + (1 - (0 - -3)).
-1
What is -1 - -3 - (5 + -2 + 1)?
-2
8 + (-3 + -12 - 4)
-11
Evaluate 1 - (-4 - (-11 + 4)).
-2
What is the value of -10 - (8 + -16 + 2)?
-4
What is -1 + 5 - (18 - 19)?
5
What is the value of -5 - (-7 - (-7 + 3))?
-2
What is the value of 0 - (1 - (0 - -3))?
2
Calculate 2 - (-4 + (-2 - -12)) - -1.
-3
What is the value of 5 + 6 - 6 - 2?
3
What is the value of -1 + -2 + (23 - 12) + -12?
-4
What is 11 + -1 - (-38 - -45)?
3
What is 7 - (-7 + 19) - -10?
5
Calculate -11 - (-8 + 10 + -6).
-7
What is 2 - ((-2 - -1 - 1) + 0)?
4
Evaluate 0 - (-3 + 0 + 8) - -2.
-3
Calculate -2 - (-3 - (-2 - 3)).
-4
Calculate 4 + (-6 - (0 + -1)) + 0.
-1
Calculate -2 + 0 - (4 - 2).
-4
12 - (-1 + 0 - -13)
0
What is the value of 2 - (11 - (-11 + 22))?
2
Evaluate 7 + (11 - 8) + -4.
6
What is (3 - 4) + 7 + -3 + -5?
-2
Evaluate 9 - (4 + 7 - 4).
2
What is the value of (5 - (-3 - 0)) + -3 + -2?
3
What is 36 + -31 + -3 + -1?
1
Calculate 1 + -3 + 2 + 7 + -5.
2
-1 - 2 - 1 - 0
-4
Calculate -5 + 2 + 1 - -5.
3
What is the value of (-3 - -3) + 2 - 4?
-2
What is (-8 + -4 - -7) + 1?
-4
0 + 1 + -2 - -3 - -3
5
Evaluate (8 - (1 - -4)) + -6.
-3
Calculate (4 + -2 - -1) + -17 + 13.
-1
What is -1 - (5 + -3 + 0 - 0)?
-3
Calculate 7 + 0 - (7 + -5).
5
What is 0 - ((-19 - -4) + 5)?
10
Calculate 1 - (-4 - 2 - -3).
4
Calculate 5 - (1 + 1 - (13 + -15)).
1
What is 3 + -1 - (11 - 10)?
1
Calculate -18 - -13 - (-1 - -1) - 3.
-8
What is 8 + 1 + 1 - 14?
-4
What is the value of 12 + (-3 - 1) - (4 - -1)?
3
Evaluate -2 + 1 + -2 - 1.
-4
Evaluate 3 - (-7 + 18 + -3).
-5
Evaluate -2 - (3 + -8) - 7.
-4
Calculate 4 + (-24 - -21) + (1 - 10).
-8
What is the value of 9 - (-7 - (-13 - 0))?
3
What is -2 + -1 + 6 - (61 - 65)?
7
What is the value of 3 + -2 + 2 + -1?
2
11 + -6 - -3 - 9
-1
Evaluate 0 + 5 - (2 - -7).
-4
What is -12 - (-2 - 10 - (-5 - 1))?
-6
Calculate (1 - 1 - -3) + -7.
-4
Calculate 2 + (-14 - -29) - 10.
7
What is (-7 - 1) + -147 + 161?
6
What is -5 - (-7 + (6 - 8))?
4
Calculate (6 - (-3 + (19 - 1))) + 4.
-5
Evaluate 2 + 1 + 2 + -13 + 14.
6
Calculate 9 - 8 - (4 + -3).
0
What is -4 - ((3 - 3) + 4)?
-8
Evaluate -3 - (6 - 11) - (0 + 2).
0
What is (-4 + 2 - 1) + 2 + 3?
2
-5 + (-5 - -6 - -5)
1
Evaluate (0 - 0 - 0) + -1.
-1
Calculate -4 + (1 - -4 - 3).
-2
What is the value of -2 + (0 - 5) - -6?
-1
What is 7 - 2 - (3 - (1 - 2))?
1
Evaluate -1 + (-1 - (1 + 3 + -3)).
-3
Calculate -11 + (7 - -1) - (-1 + 1).
-3
Calculate 16 + -18 - ((-2 - 0) + -2).
2
What is 2 - (-10 + 12 + -7)?
7
(10 - (7 - 4)) + -10
-3
Calculate 1 + (-2 - (0 - -2)) - -2.
-1
Evaluate -243 - -239 - (1 + -7).
2
Evaluate 4 + 1 + (-17 - (2 - 13)).
-1
Evaluate (-5 - -11 - 6) + 1.
1
What is -1 - -2 - (8 + -3 - 4)?
0
-9 - (-10 + 2 - -1)
-2
What is (-31 - -25) + 10 + 2?
6
2 - ((2 - (-3 + 11)) + 8)
0
-2 + 15 + 2 + -12
3
Evaluate 1 - -2 - (1 - (0 - 1)).
1
Calculate 705 + -711 - ((2 - 1) + -7).
0
What is the value of -3 - (0 - (2 + (1 - 2)))?
-2
Calculate 5 + (-2 - 5 - (6 + -2)).
-6
Evaluate -6 + -3 - (2 + -6).
-5
What is the value of (5 - 1) + 5 + -9?
0
What is 4 + (-8 - (3 - 5))?
-2
What is the value of -2 - (-1 + -3) - (-56 + 55)?
3
Evaluate 2 + -2 + (10 - 12).
-2
7 - (7 - 3) - 7
-4
What is the value of 3 + (2 - 1) - (2 - 0)?
2
What is the value of 0 + -4 + 7 + -6?
-3
Evaluate (13 - (5 - -1)) + -5.
2
Evaluate (-10 + 4 - -3) + 2.
-1
What is the value of 0 - -6 - 3 - 2?
1
What is 1 + -5 + -1 + -3?
-8
0 + 2 + 5 + 0 + -2
5
Evaluate 2 + (0 + -5 + 0 - 1).
-4
6 - (15 + -3 + (-5 - -2))
-3
Calculate 4 + -13 - (-15 - -9).
-3
Calculate (-2 - 1) + (4 - 4) - -4.
1
-8 - (5 + -11 + 1)
-3
What is the value of -7 - (4 + (-30 - -12))?
7
Calculate 1 + -10 + -4 + 12.
-1
What is (-2 + 2 - -3) + -2?
1
Calculate 12 + (6 - 17 - -4).
5
What is the value of -1 - (4 - ((0 - -5) + -3))?
-3
What is 0 - -4 - (8 - 7)?
3
Evaluate (-3 - (11 + -7)) + 1 + 1.
-5
What is 5 + -13 + 7 + 3?
2
(9 - 1) + -18 + (6 - 5)
-9
Evaluate -26 + -1 + 13 - -6.
-8
(0 - 0) + 174 + -173
1
What is the value of -12 - (-9 + 5 + -3)?
-5
Calculate -6 - -1 - (-15 + 7).
3
What is the value of (12 - 5) + (2 - 1) + -5?
3
(8 - 11) + -3 + 1 - -1
-4
What is the value of -3 + 0 - (10 + -8)?
-5
Calculate -8 + 0 + (5 - 1) - -2.
-2
Calculate 10 - 4 - (-3 - -5).
4
What is the value of 4 + 0 - (-80 + 85)?
-1
Calculate -1 + 4 + 4 + -9.
-2
Evaluate 0 + 1 + (1 - 3) - -2.
1
What is the value of -12 + (34 - (14 + 0))?
8
(-131 - -134) + -2 + (-1 - 0)
0
Calculate -13 + 14 + (-3 - -1).
-1
Calculate 1 + (-1 - -1) + (178 - 179).
0
Calculate (0 - 4) + -6 + (-5 - -12).
-3
Calculate -4 + (12 + (1 - 3) - 3).
3
Evaluate 2 + (-1 - (-1 - -2)).
0
What is (3 - -2) + (1 - 8 - -1)?
-1
What is the value of (2 - (11 - 10)) + (-7 - -1)?
-5
-5 - 4 - -23 - 5
9
Evaluate 12 - ((-1 - -2) + 0 + 2).
9
(5 - 2) + 4 - 7
0
(-15 - (-5 - 1)) + 4
-5
Evaluate -2 + (-5 - 1) + 4.
-4
-1 + ((2 - 6) + 0 - -2)
-3
Calculate (-5 + 3 - -7) + -4.
1
What is -2 + 6 + -37 + 25?
-8
Evaluate -1 + 2 + -2 - -3.
2
2 + (8 - (3 + 0 - -1))
6
Evaluate (-16 - -35) + -18 + (-3 - -1).
-1
-2 + (0 - 1) + (-243 - -241)
-5
What is the value of -1 + (-5 - (-18 + 1)) - 4?
7
6 + 4 + -5 - 4
1
What is the value of (-6 + 3 + 5 - -1) + 1?
4
What is (5 - 2) + 5 + 4 + -20?
-8
Calculate 1 + -4 - (-8 + -2).
7
Calculate 3 + -7 + -3 + 4 + 4.
1
What is the value of -8 - (-2 - 3 - 1)?
-2
What is the value of -9 + 11 + (3 - 2)?
3
What is the value of 6 - (6 + (-4 - -4))?
0
What is the value of 9 - 9 - (-13 + 19)?
-6
Calculate 2 + 9 - (17 + -8).
2
Evaluate -1 - 1 - (-6 + 1 + 0).
3
-4 - ((-6 - -1) + 5 - 3)
-1
What is -8 + (-8 - 0 - -23)?
7
Evaluate -1 + -1 - 3 - (-2 + -2).
-1
What is 7 - (10 - (2 - -3))?
2
Evaluate 5 + -11 + 8 + (0 - 7).
-5
Evaluate (-12 - -8) + (0 - (-1 + 0)).
-3
9 + (-8 - -7) - 15
-7
Evaluate 3 + (-6 - 0 - 1).
-4
Calculate 5 + -1 - 1 - -2 - 0.
5
What is the value of -1 - -9 - (-1 + 6)?
3
Calculate -4 + 3 + -2 - -3.
0
-6 - (0 + -7 + 5)
-4
What is -4 + (-4 - (-4 - 1))?
-3
Calculate (-1 - -13) + (7 - 14) + 1.
6
Evaluate 6 + (-1 - 0) - 5.
0
Calculate (-1 - (8 + -9)) + -1 + -6.
-7
Evaluate 0 - ((3 - 5) + 3 + -1).
0
(41 - 43) + (9 - 1)
6
What is 5 - (4 + 0 + 1)?
0
What is -11 + 7 + 2 + -1?
-3
Evaluate (-3 - 1) + 6 - (-4 + 11).
-5
What is 7 + 3 + (6 - 2 - 9)?
5
What is the value of 12 + -2 + (-8 - -6 - 2)?
6
Evaluate -2 + (4 - 9) + 1 + 10.
4
Calculate 6 - 3 - (-4 - (-10 + 4)).
1
-14 + 2 + 10 - 3
-5
6 - (1 - 0) - (-15 - -25)
-5
What is the value of 4 - (2 + (1 - -3))?
-2
Calculate -3 - -5 - (10 - 5).
-3
What is -5 + 0 + 2 - 2?
-5
Evaluate 4 + 0 + -7 - -1.
-2
-7 + (12 - 13) - (1 + -8)
-1
What is the value of -4 - 1 - (92 + -90)?
-7
Evaluate (5 - 1) + (-5 - (-7 + 3)).
3
What is -3 + (-2 - (-2 + -3 + 7))?
-7
Evaluate -12 + 12 + 3 + (5 - 2).
6
Evaluate (-2 - 3) + -11 + 13.
-3
-2 + (-2 - (-5 + 5))
-4
What is the value of (-4 - (1 - 3)) + -2?
-4
(0 - -1) + 0 - (-8 - 0)
9
-5 - ((5 - -1) + -9)
-2
What is 1 + 0 + -1 + (-6 - -4)?
-2
What is the value of -5 + 8 + (3 - (-3 + 10))?
-1
What is the value of (-4 - -3) + 1 - (-12 - -10)?
2
What is the value of 13 + -15 - ((0 - -1) + 2)?
-5
What is -1 + (-1 - -2 - (35 - 38))?
3
Calculate (1 - 2) + 4 + 0 - 1.
2
Calculate -2 + 5 + (16 - 17).
2
What is the value of